 is the hundreds digit of r(15)?
4
Suppose -5*i - 2*b + 4766 + 3076 = 0, 5*i = -4*b + 7844. Let u = i + -1018. What is the tens digit of u?
5
Suppose 4*c + 2*u = 12226, -c - 1328 = 2*u - 4392. What is the thousands digit of c?
3
Suppose 2*s = -v + 4*v + 211, -3*v - 4*s = 181. Let r = -123 + v. Let c = -99 - r. What is the tens digit of c?
9
Suppose -r = 5*k - 1236 - 2145, 5*r - 17013 = 2*k. What is the tens digit of r?
0
Let x(q) = -64*q**3 - 7*q**2 - 6*q - 9. What is the hundreds digit of x(-4)?
9
Let q be ((-7280)/(-15))/(-2)*36/(-16). Suppose -538*v - 1040 = -q*v. What is the tens digit of v?
3
Let c(x) = -x**3 + 5*x**2 + 5*x + 10. Let j = -67 - -73. Let y be c(j). Suppose y*g = -g + 485. What is the units digit of g?
7
Let t = 33 + -110. What is the tens digit of 2/((t/1274)/(-11))?
6
Let b be (-64310)/(-767) + 2/13. Suppose 4*o - 2*g + b - 4790 = 0, -3529 = -3*o + g. What is the units digit of o?
6
Suppose d - 4*l = 30042, 0 = -5*d - 22*l + 17*l + 150060. What is the units digit of d?
8
Let b(q) = q**2 + 1. Suppose -6*j - 2*j = -48. Let p(c) = 5*c**2 + 8*c - 252. Let f(v) = j*b(v) - p(v). What is the tens digit of f(0)?
5
What is the tens digit of 2 + 5/(105/1121763) - 2/7?
1
Suppose -37*z = -39*z + 8. Suppose 2*g + 832 = 2*o, 3*o + 0*g - 1244 = z*g. Suppose -5*y + y - c + 831 = 0, -4*c = -2*y + o. What is the units digit of y?
8
Suppose 221*v = 220*v - 3*a + 2481, 2*v - 4*a - 4892 = 0. What is the thousands digit of v?
2
Let c(f) = 59*f**3 + 6*f**2 - 7*f + 14. What is the ten thousands digit of c(6)?
1
Let x(k) = -5*k + 12*k + 26*k + 6 - 91. What is the tens digit of x(5)?
8
What is the hundreds digit of ((-9534)/77)/(9/(-99))?
3
Let q(l) be the third derivative of l**4/24 + 9*l**3/2 - 7*l**2. Let b be q(-15). What is the units digit of ((-6)/b)/(1/(-192))?
6
Let i(d) = 5*d**2 + 11*d + 23. What is the hundreds digit of i(-30)?
1
Let d(q) = q**3 + q**2 + 2*q - 1. Let y be d(2). Let h be (10/(-3))/5*y. What is the units digit of 2/h - 453/(-15)?
0
Suppose -51*q - 82*q - 391780 = -171*q. What is the hundreds digit of q?
3
Let m(b) = 42*b**2 + 6. Let j(h) = -h**2 - 25*h - 3. Let a be j(-25). Let i be m(a). What is the tens digit of i/8*((-32)/6)/(-2)?
2
Let q(u) = 1603*u**2 - 2*u - 3. Let n(l) = -l**3 + 11*l**2 + 14*l - 25. Let y be n(12). Let f be q(y). Suppose -53*k = -47*k - f. What is the units digit of k?
7
Suppose 26*o = 249022 - 36004. What is the units digit of o?
3
Suppose -148*z - 39*z + 631545 + 2537544 = 0. What is the thousands digit of z?
6
Let u be (4/8 + 0)*120 - 1. Let l = -12 - -41. Suppose -u + l = -c. What is the units digit of c?
0
Let c(y) = 5*y + 42032 + 18*y + y**2 - 42031. What is the units digit of c(-25)?
1
Suppose 2223401 = 210*y - 14347909. What is the units digit of y?
1
Let l(a) = 208 + 0*a**2 - 147 + 2*a + 2*a**2. What is the hundreds digit of l(14)?
4
Let c = -14224 - -20386. What is the thousands digit of c?
6
Suppose 29*o - 4*v = 37*o - 216596, 0 = o - 5*v - 27091. What is the units digit of o?
6
Let j = -127 + 129. Let p be (8/j)/(((-32)/10)/(-4)). Suppose -2*x + 3*x - 166 = y, p*y - 339 = -2*x. What is the hundreds digit of x?
1
Suppose 5*h + v - 20 = 0, -2*h = -3*v + 11 - 2. Suppose 0 = -h*a - 3*s + 270, -a + 3*s = -8 - 102. What is the units digit of a?
5
Let h = -8 + 10. Suppose 44 = h*z - 40. Suppose 0 = 3*c + 3, z = 3*a - c - 2*c. What is the tens digit of a?
1
Let m = 12950 - 7017. What is the hundreds digit of m?
9
Let p = 3962 + 5447. What is the hundreds digit of p?
4
Let s be ((-100)/(-9))/4 - (-28)/126. Suppose 3*k = -s*c - 9, 2*c + 14 = -c - 4*k. Suppose 16 = 2*u + c*u. What is the units digit of u?
4
Suppose 3*f = 6*f - i - 8689, -3*i + 11568 = 4*f. What is the hundreds digit of f?
8
Let k(g) = 11*g**3 - 4*g + 3. Suppose 6*d = -d - 7. Let f be 1*((-2)/d - 0). What is the units digit of k(f)?
3
Let p = -396 - -696. Suppose -5*d - 4*g + 1481 = -5*g, -d = -4*g - p. What is the hundreds digit of d?
2
Let s be 10/3 + 15/((-135)/12). Suppose 5*n + 1192 = s*p, -2*n - 3001 = 3*p - 8*p. What is the units digit of p?
1
Let s(f) = -5*f - 4. Let n be s(-16). Let g = n - -111. What is the hundreds digit of g?
1
Suppose -2*g + 7*g = 130. Let a = g + -22. Suppose 2*f - 3*q + 20 = 4*f, f + 5*q + a = 0. What is the tens digit of f?
1
Let s(p) = -42 + 35*p + 115*p + 14*p. What is the units digit of s(6)?
2
Let x(a) = -233*a + 21. Let y be x(-6). Let q = y - 899. What is the tens digit of q?
2
What is the ten thousands digit of (30/(-4) + 14)/((-3)/(-8310))?
1
Suppose -3*g + 21 = 0, -4*n + 8*g - 3*g + 220133 = 0. What is the units digit of n?
2
Let l = -197 - -242. Suppose -974 = 43*k - l*k. What is the hundreds digit of k?
4
Suppose 0 = 7*p + 12*p - 62077 - 38889. What is the thousands digit of p?
5
Let r(p) = -169*p + 62. Let z be r(-23). Let k = -2798 + z. What is the hundreds digit of k?
1
Let w = -162 + 171. What is the tens digit of 2307/w + (-14)/(-21)?
5
Let j be 1389 - -1*(3 - -1). Suppose 110 = -5*c + 4*v + 1865, -4*c + v + j = 0. What is the hundreds digit of c?
3
Let d = 1627 - 492. Let h = -848 + d. What is the tens digit of h?
8
Let u(n) = 45 - 5*n**2 + 8*n**2 + 13*n + 3*n**2 - 9*n**2. Let y be u(14). Let i = y - -585. What is the units digit of i?
4
Suppose -132*f + 134*f - 14162 = -2*h, 0 = -3*f - 5*h + 21239. What is the tens digit of f?
8
What is the hundreds digit of 94/611 - 70905/(-65)?
0
Let k(n) = -25*n - 99. Let i be k(-18). Let h = -290 + i. What is the tens digit of h?
6
Let p(d) = 8*d**3 + d**2 + 5*d + 7. Let x be p(-2). Let j be (-1 - x)*3*2/12. Suppose 0 = -9*s + 10*s - j. What is the tens digit of s?
3
Let t(a) be the second derivative of -11*a**3/3 - 77*a**2/2 - 11*a. Let o(n) = -33*n - 116. Let l(c) = -5*o(c) + 7*t(c). What is the hundreds digit of l(7)?
1
Let a = -21494 + 40523. What is the units digit of a?
9
Let h = 1310 - 683. Let k = -357 + h. What is the tens digit of k?
7
Let v(g) = -g**3 - 6*g**2 + 20*g - 76. What is the hundreds digit of v(-23)?
4
Let r = -18940 - -60452. What is the ten thousands digit of r?
4
Suppose -3*t + 1116 = 2*k, 0*t - 1488 = -4*t - 3*k. Suppose -5*u = -3*n - 895, -5*n + 33 = -2*u + t. What is the units digit of u?
2
Let p = -20 - -22. Suppose -636 = -2*c + p*w, -43*c + 45*c = -w + 633. What is the hundreds digit of c?
3
Suppose -4*r = 2*h - 118, 4 + 244 = 4*h + 4*r. Suppose n + 62 = h. Suppose -n*g = -70 + 7. What is the units digit of g?
1
Suppose 74 = 36*k + 290. What is the units digit of 14096/56*(5 - k/(-4))?
1
Let i(h) = 643*h**2 - 99*h - 150. What is the units digit of i(-3)?
4
Let l(i) = 3*i + 151. Let z be l(-30). Let x = 1 + 4. Suppose 4*g + 5*b - 68 = z, 0 = x*g + 2*b - 157. What is the units digit of g?
1
Let w(f) = -f**2 + 19. Let k be w(-4). Suppose 177 = -i + k*p, i - 2*p + 185 = 3*p. Let h = i - -276. What is the tens digit of h?
1
Suppose 5*a = -n + 29025, -4*n = -2*a - 6833 - 109201. What is the thousands digit of n?
9
Suppose 47*p = -21*p + 145520. What is the tens digit of p?
4
Suppose 116 = 2*l + 4*z - 18, -l + 3*z = -47. Let x(p) = -p**2 - l*p**3 + 22*p**3 - 76*p**3. What is the units digit of x(-1)?
2
Suppose -4*h = -9*h + 30. Suppose -h*a + 50 = -11*a. Let r(t) = -5*t - 19. What is the units digit of r(a)?
1
Let s(j) = 31*j**2 + 93*j + 347. What is the thousands digit of s(-17)?
7
Let k = 23 + -35. Let s be (k/(-14))/((-4)/(-14)). Suppose 0 = 5*y - 0*y - s*f - 281, 0 = 2*y + f - 108. What is the units digit of y?
5
Let s(d) = -7 + 8*d + 12 + 2*d**3 - 228*d**2 + 184*d**2 - 5 + 21. What is the hundreds digit of s(22)?
1
Suppose 0*z - 4*z = 12008 - 50092. What is the hundreds digit of z?
5
Let f = -1 + -2. Let i(y) be the third derivative of -5*y**4/6 - 7*y**3/6 - 6*y**2 - 62*y. What is the units digit of i(f)?
3
Suppose 0 = 8*c - 27350 + 566. Suppose -43 = 5*l + a - 4246, c = 4*l - 4*a. What is the tens digit of l?
4
Let p = 7701 - 3251. What is the hundreds digit of p?
4
Let a(b) = -7*b + 34. Let z be a(11). Let p(d) = d**2 + 24*d - 227. What is the hundreds digit of p(z)?
5
What is the thousands digit of 22*(20 + 675) + (-7)/1?
5
Let w = -951 + 951. What is the units digit of 739 - w - (4 - 3)?
8
Let c(m) = -m**2 - 17*m + 7. Let i be c(-17). Suppose y - i*y = -6. What is the units digit of -2 - (-12 + y) - 4?
5
Suppo